 units digit of 18527125?
5
What is the ten thousands digit of 145795979?
9
What is the ten millions digit of 10501130?
1
What is the ten thousands digit of 281818207?
1
What is the tens digit of 2304734234?
3
What is the units digit of 1164760681?
1
What is the thousands digit of 18931237?
1
What is the units digit of 15050162?
2
What is the units digit of 40464544?
4
What is the units digit of 179477154?
4
What is the ten thousands digit of 113945973?
4
What is the tens digit of 528107850?
5
What is the ten thousands digit of 124252943?
5
What is the millions digit of 192987091?
2
What is the hundred millions digit of 262555627?
2
What is the hundred millions digit of 805553454?
8
What is the ten millions digit of 374547251?
7
What is the hundreds digit of 1569818738?
7
What is the thousands digit of 41058183?
8
What is the units digit of 103892109?
9
What is the ten thousands digit of 30813856?
1
What is the hundred thousands digit of 256737804?
7
What is the hundreds digit of 1483693895?
8
What is the tens digit of 25097361?
6
What is the ten millions digit of 71791498?
7
What is the billions digit of 1172878236?
1
What is the hundreds digit of 469626386?
3
What is the hundred millions digit of 1578777736?
5
What is the hundred thousands digit of 155159756?
1
What is the units digit of 1327697507?
7
What is the hundreds digit of 318169922?
9
What is the hundred thousands digit of 408376197?
3
What is the hundreds digit of 1299403402?
4
What is the tens digit of 2389676289?
8
What is the hundred thousands digit of 1150376411?
3
What is the units digit of 468325368?
8
What is the hundred thousands digit of 214040790?
0
What is the thousands digit of 150261006?
1
What is the ten millions digit of 1750650128?
5
What is the hundred thousands digit of 66144073?
1
What is the units digit of 1455989692?
2
What is the hundred millions digit of 1310527125?
3
What is the hundred millions digit of 1407124728?
4
What is the units digit of 271338805?
5
What is the ten millions digit of 213248559?
1
What is the millions digit of 90861923?
0
What is the thousands digit of 2705452246?
2
What is the units digit of 170152181?
1
What is the hundred millions digit of 118659028?
1
What is the ten thousands digit of 482656552?
5
What is the ten thousands digit of 4873164?
7
What is the hundreds digit of 117038016?
0
What is the ten thousands digit of 134653408?
5
What is the hundreds digit of 13745464?
4
What is the thousands digit of 385872491?
2
What is the billions digit of 1701508681?
1
What is the units digit of 1245241008?
8
What is the ten thousands digit of 494792091?
9
What is the thousands digit of 76093606?
3
What is the millions digit of 261446155?
1
What is the hundred millions digit of 1844001133?
8
What is the units digit of 199875555?
5
What is the thousands digit of 93428104?
8
What is the tens digit of 1616022581?
8
What is the millions digit of 1545031038?
5
What is the thousands digit of 83417661?
7
What is the hundreds digit of 64435135?
1
What is the tens digit of 35111831?
3
What is the ten thousands digit of 49258138?
5
What is the hundreds digit of 1252540014?
0
What is the thousands digit of 42547705?
7
What is the millions digit of 72371041?
2
What is the units digit of 435928075?
5
What is the ten thousands digit of 90534624?
3
What is the thousands digit of 2816127601?
7
What is the thousands digit of 42928651?
8
What is the ten millions digit of 11080599?
1
What is the ten millions digit of 830731443?
3
What is the units digit of 6037055?
5
What is the billions digit of 3551275351?
3
What is the ten millions digit of 79293890?
7
What is the hundred thousands digit of 63598055?
5
What is the hundreds digit of 120298241?
2
What is the millions digit of 194079251?
4
What is the millions digit of 61050283?
1
What is the hundreds digit of 146310649?
6
What is the tens digit of 130468941?
4
What is the hundred millions digit of 106347232?
1
What is the tens digit of 4889518?
1
What is the thousands digit of 972445592?
5
What is the thousands digit of 113723334?
3
What is the units digit of 28588613?
3
What is the ten millions digit of 110777241?
1
What is the thousands digit of 4941502135?
2
What is the thousands digit of 15821709?
1
What is the ten millions digit of 424367075?
2
What is the tens digit of 4114246279?
7
What is the ten thousands digit of 284164750?
6
What is the hundreds digit of 508939757?
7
What is the hundred thousands digit of 8157287?
1
What is the hundreds digit of 16448610?
6
What is the units digit of 249446839?
9
What is the units digit of 1349413336?
6
What is the hundred millions digit of 1967403562?
9
What is the thousands digit of 87034648?
4
What is the hundred millions digit of 195945216?
1
What is the ten thousands digit of 391637911?
3
What is the units digit of 1722025598?
8
What is the hundreds digit of 923872014?
0
What is the ten millions digit of 122752581?
2
What is the hundred thousands digit of 182562840?
5
What is the thousands digit of 572002806?
2
What is the ten millions digit of 3717115422?
1
What is the tens digit of 160899536?
3
What is the ten millions digit of 2662562519?
6
What is the ten millions digit of 448165584?
4
What is the units digit of 199270512?
2
What is the millions digit of 4531389567?
1
What is the hundreds digit of 1376008235?
2
What is the billions digit of 2833000921?
2
What is the ten millions digit of 23655561?
2
What is the millions digit of 1303197465?
3
What is the hundred thousands digit of 1966288521?
2
What is the millions digit of 2827099604?
7
What is the millions digit of 685777863?
5
What is the ten thousands digit of 192460762?
6
What is the hundreds digit of 22963258?
2
What is the hundreds digit of 278168930?
9
What is the hundreds digit of 325397651?
6
What is the ten millions digit of 263266776?
6
What is the tens digit of 2428721907?
0
What is the millions digit of 51012555?
1
What is the hundred millions digit of 473835773?
4
What is the millions digit of 743061121?
3
What is the ten millions digit of 168610787?
6
What is the hundred thousands digit of 111521201?
5
What is the ten thousands digit of 579733477?
3
What is the hundred thousands digit of 131387248?
3
What is the units digit of 32584592?
2
What is the millions digit of 1678519840?
8
What is the ten thousands digit of 79397360?
9
What is the thousands digit of 20377347?
7
What is the thousands digit of 7685982934?
2
What is the ten thousands digit of 62181469?
8
What is the hundred thousands digit of 7584376?
5
What is the hundred millions digit of 888760705?
8
What is the hundreds digit of 3830664576?
5
What is the ten thousands digit of 177834531?
3
What is the units digit of 5193056246?
6
What is the billions digit of 1162389010?
1
What is the units digit of 89893229?
9
What is the hundred thousands digit of 2531508655?
5
What is the units digit of 57873105?
5
What is the ten thousands digit of 135761845?
6
What is the hundreds digit of 3604968?
9
What is the thousands digit of 21533298?
3
What is the hundred thousands digit of 715164859?
1
What is the thousands digit of 1121461291?
1
What is the millions digit of 177924514?
7
What is the thousands digit of 1074980618?
0
What is the hundred millions digit of 125563625?
1
What is the millions digit of 341433826?
1
What is the ten thousands digit of 56446310?
4
What is the hundreds digit of 253449092?
0
What is the units digit of 1230776990?
0
What is the hundreds digit of 104903470?
4
What is the ten thousands digit of 37076166?
7
What is the thousands digit of 77089982?
9
What is the hundred millions digit of 3935372343?
9
What is the ten millions digit of 81597434?
8
What is the units digit of 811158327?
7
What is the hundred thousands digit of 76485645?
4
What is the units digit of 273637486?
6
What is the hundred millions digit of 3240959418?
2
What is the hundreds digit of 375489550?
5
What is the millions digit of 272856236?
2
What is the thousands digit of 70232190?
2
What is the ten millions digit of 140784972?
4
What is the hundred millions digit of 632919070?
6
What is the thousands digit of 5687579952?
9
What is the ten millions digit of 218996937?
1
What is the thousands digit of 337658766?
8
What is the hundred thousands 